me?
False
Is 56471 composite?
True
Is 8191 composite?
False
Is 766037 prime?
False
Is 20789 prime?
True
Is 52859 a composite number?
False
Is 7229 composite?
False
Is 82997 prime?
True
Is 72431 composite?
False
Is 38393 prime?
True
Is 5017 a composite number?
True
Is 156971 prime?
True
Is 7379 a composite number?
True
Is 74377 a prime number?
True
Is 94771 prime?
True
Is 134327 a prime number?
True
Is 2702561 a composite number?
True
Is 33727 a composite number?
True
Is 32161 prime?
False
Is 5737 a composite number?
False
Is 7651 a prime number?
False
Is 185789 a composite number?
False
Is 19711 prime?
False
Is 137477 composite?
False
Is 5158987 a composite number?
False
Is 279797 a prime number?
False
Is 74389 a prime number?
False
Is 116713 composite?
True
Is 72445 a prime number?
False
Is 847694 a composite number?
True
Is 5383 prime?
False
Is 9827 a prime number?
False
Is 564106 a prime number?
False
Is 1142677 composite?
False
Is 24259 prime?
False
Is 1447949 composite?
False
Is 1361 a composite number?
False
Is 20635 a prime number?
False
Is 949463 prime?
False
Is 453883 a composite number?
True
Is 7311 a composite number?
True
Is 96377 a composite number?
False
Is 139 a prime number?
True
Is 76907 a prime number?
True
Is 474307 a composite number?
False
Is 62383 a composite number?
False
Is 1978289 prime?
True
Is 674621 composite?
True
Is 215573 a composite number?
False
Is 339145 a composite number?
True
Is 56593 composite?
True
Is 10537 a composite number?
True
Is 24649 a composite number?
True
Is 10981 composite?
True
Is 330271 composite?
False
Is 849197 prime?
True
Is 5905 prime?
False
Is 25829 composite?
True
Is 247685 a prime number?
False
Is 14591 composite?
False
Is 143867 a prime number?
False
Is 21531 a prime number?
False
Is 19277 a composite number?
True
Is 7057 a prime number?
True
Is 41927 prime?
True
Is 127817 prime?
True
Is 5501 a composite number?
False
Is 5923 a composite number?
False
Is 135554 a composite number?
True
Is 116177 composite?
False
Is 56053 composite?
False
Is 180311 prime?
True
Is 149 a prime number?
True
Is 7901 composite?
False
Is 41719 composite?
False
Is 5531 prime?
True
Is 19109 composite?
True
Is 1006 prime?
False
Is 8387 a composite number?
False
Is 28909 a composite number?
False
Is 1143593 a composite number?
True
Is 162685 a composite number?
True
Is 28019 a composite number?
False
Is 32081 a composite number?
True
Is 112957 a composite number?
True
Is 9797 a prime number?
False
Is 6353 a composite number?
False
Is 19193 a prime number?
False
Is 7778 a composite number?
True
Is 24383 composite?
True
Is 13157 composite?
True
Is 9239 prime?
True
Is 600973 prime?
True
Is 23269 prime?
True
Is 12311 a composite number?
True
Is 204805 a composite number?
True
Is 6289 a composite number?
True
Is 11777 a composite number?
False
Is 31793 a prime number?
True
Is 149737 a composite number?
True
Is 12991 composite?
True
Is 8191 a prime number?
True
Is 22121 a prime number?
False
Is 1329787 a prime number?
True
Is 3109 a prime number?
True
Is 173897 composite?
False
Is 10537 a composite number?
True
Is 3889 a composite number?
False
Is 220355 a composite number?
True
Is 7639 a prime number?
True
Is 42659 a composite number?
True
Is 1379549 prime?
True
Is 42923 a prime number?
True
Is 8147 prime?
True
Is 1693 a composite number?
False
Is 208187 a prime number?
False
Is 3049 a composite number?
False
Is 84787 prime?
True
Is 973 a composite number?
True
Is 24487 a composite number?
True
Is 11878 prime?
False
Is 55349 composite?
True
Is 160729 composite?
True
Is 26903 a prime number?
True
Is 165133 composite?
False
Is 174917 composite?
False
Is 108157 prime?
False
Is 16217 a composite number?
False
Is 3593 a composite number?
False
Is 85991 prime?
True
Is 8813 composite?
True
Is 31303 composite?
True
Is 55553 prime?
False
Is 10843 a prime number?
False
Is 379 composite?
False
Is 11185 a composite number?
True
Is 104881 a composite number?
True
Is 9953 composite?
True
Is 7261 composite?
True
Is 21763 a prime number?
False
Is 24407 a composite number?
False
Is 5069 composite?
True
Is 68703 prime?
False
Is 4861 a prime number?
True
Is 652114 composite?
True
Is 5163 a composite number?
True
Is 510311 prime?
True
Is 32909 a composite number?
False
Is 359 a prime number?
True
Is 68307 a composite number?
True
Is 25219 composite?
False
Is 18883 composite?
True
Is 8301 a prime number?
False
Is 4969 prime?
True
Is 1218215 a composite number?
True
Is 15619 a prime number?
True
Is 126989 composite?
False
Is 699103 composite?
True
Is 127331 composite?
False
Is 120157 prime?
True
Is 1102799 a prime number?
False
Is 1246051 prime?
False
Is 35941 prime?
False
Is 2717497 a prime number?
True
Is 20087 a composite number?
True
Is 5221 a composite number?
True
Is 61487 prime?
True
Is 143795 composite?
True
Is 3687 a prime number?
False
Is 2385023 a composite number?
False
Is 64811 composite?
False
Is 103313 composite?
True
Is 137551 a prime number?
False
Is 17779 prime?
False
Is 71663 composite?
False
Is 199713 a prime number?
False
Is 85889 composite?
False
Is 149861 composite?
False
Is 1989605 composite?
True
Is 104459 composite?
False
Is 8741 prime?
True
Is 8539 composite?
False
Is 1363597 composite?
True
Is 32731 composite?
True
Is 58937 prime?
True
Is 18251 a composite number?
False
Is 191371 a prime number?
False
Is 11071 prime?
True
Is 1299583 a composite number?
False
Is 1399 composite?
False
Is 19641 composite?
True
Is 19137 composite?
True
Is 279683 a composite number?
True
Is 4853 composite?
True
Is 61463 a prime number?
True
Is 2543 a prime number?
True
Is 651329 a prime number?
False
Is 344849 a composite number?
True
Is 9769 a composite number?
False
Is 10937 a composite number?
False
Is 276557 prime?
True
Is 41809 a prime number?
True
Is 97771 composite?
False
Is 26749 prime?
False
Is 2647 a composite number?
False
Is 289417 prime?
True
Is 230599 composite?
True
Is 90149 prime?
True
Is 79421 composite?
True
Is 43819 a composite number?
True
Is 569401 a prime number?
False
Is 807913 prime?
False
Is 36991 a prime number?
False
Is 14843 composite?
False
Is 173083 prime?
False
Is 4153 prime?
True
Is 475918 a composite number?
True
Is 34819 composite?
False
Is 2363 composite?
True
Is 8063 a composite number?
True
Is 1210711 a prime number?
True
Is 490299 composite?
True
Is 652699 a prime number?
True
Is 860641 composite?
False
Is 238321 a composite number?
False
Is 277157 a composite number?
False
Is 583 a composite number?
True
Is 5623 a prime number?
True
Is 31769 a prime number?
True
Is 469139 composite?
True
Is 108403 a prime number?
False
Is 3163 prime?
True
Is 13553 prime?
True
Is 39619 composite?
False
Is 20239 composite?
True
Is 782917 prime?
False
Is 481765 composite?
True
Is 71527 a prime number?
True
Is 15817 prime?
True
Is 23755 composite?
True
Is 11957 composite?
True
Is 246529 a composite number?
True
Is 439 a prime number?
True
Is 794759 prime?
False
Is 255587 a prime number?
True
Is 16869 prime?
False
Is 1126429 prime?
False
Is 5587 a composite number?
True
Is 27479 prime?
True
Is 419 prime?
True
Is 2645879 prime?
True
Is 5039 prime?
True
Is 10345 a prime number?
False
Is 1357 a prime number?
False
Is 8039 prime?
True
Is 499507 a prime number?
True
Is 315779 prime?
True
Is 50366 composite?
True
Is 11255 prime?
False
Is 359713 prime?
True
Is 30854 a composite number?
True
Is 10931 composite?
True
Is 80819 prime?
True
Is 44483 a composite number?
False
Is 11291 composite?
True
Is 36643 prime?
True
Is 60317 composite?
False
Is 32831 composite?
False
Is 1579163 a composite number?
False
Is 2835429 prime?
False
Is 4084517 prime?
True
Is 448523 a prime number?
False
Is 33391 prime?
True
Is 80533 a composite number?
True
Is 1623121 composite?
True
Is 191887 a prime number?
False
Is 10267 composite?
False
Is 88271 prime?
False
Is 205 a composite number?
True
Is 28211 a composite number?
False
Is 59681 a composite number?
True
Is 36629 a composite number?
False
Is 90731 composite?
False
Is 11197 a composite number?
False
Is 4907 composite?
True
Is 1441 a composite number?
True
Is 1873617 a composite number?
True
Is 30611 prime?
False
Is 1461063 a composite number?
True
Is 29701 composite?
True
Is 4337 a pri